et p be l(23). Let z(r) = 8*r**2 - 1. Give z(p).
7
Let k(b) = 86*b**3 + b - 2. Suppose 0 = -1269*i + 1117*i + 152. Calculate k(i).
85
Suppose -5*r = -25, 2*z - 18*r + 16*r + 100 = 0. Let p = 52 + z. Let f(d) = 5*d - 6. Let l(y) = 4*y - 5. Let a(x) = p*l(x) - 6*f(x). Determine a(-4).
9
Let k(d) = 3*d - 6. Let x(t) = 2*t**2 + 62*t + 54. Let s be x(-30). Let m(i) = -4*i + 7. Let y(j) = s*k(j) - 5*m(j). What is y(-5)?
-9
Suppose -3*w = -5*k - 44, -w - 301*k + 300*k - 4 = 0. Let h(g) = g**2 - 4*g. Calculate h(w).
-3
Let q(w) = 27*w + 114. Let x(j) = 25*j + 113. Let c(l) = -5*q(l) + 6*x(l). Give c(-7).
3
Let g(i) = -i - 14. Suppose 59 = -6*t + 95. Let f be (-9)/t*(-272)/(-24). Give g(f).
3
Let w = 701 + -430. Let y = 266 - w. Let l(g) = -3*g - 8. Calculate l(y).
7
Suppose 0 = -339*w + 345*w - 18. Suppose -n + 13 = -5*n - w*i, -3*i = -3. Let g(p) = 2*p + 4. Determine g(n).
-4
Let r(j) = 79*j - 9*j - 13 - 8*j - 30*j - 6*j. Determine r(3).
65
Let t(w) be the second derivative of -5*w**4/12 - 5*w**3/6 - 5*w**2/2 - 106*w. Let h(q) = -4*q**2 - 5*q - 5. Let c(a) = -6*h(a) + 5*t(a). Give c(7).
-9
Let i(x) = -10*x**2 - 104 - x**3 + 333 - 109 - 108 - 8*x. Determine i(-8).
-52
Let y(t) = -7*t - 88. Let g(k) = -23*k - 262. Let l(h) = 2*g(h) - 7*y(h). What is l(-29)?
5
Let j(t) = -8*t - 21. Let o(m) = -8*m - 17. Let x(c) = 4*j(c) - 5*o(c). Let r(h) = -h**3 + 26*h**2 - 26*h + 26. Let w be r(25). Determine x(w).
9
Let c(f) = 2*f**2 + 8*f + 7. Let d = 186 - 180. Suppose 11 = -4*p - 3*z, 0 = -3*p - d*z + 5*z - 12. Give c(p).
17
Suppose 56 = -4*w + 4*z, 3*w + 43 - 5 = 2*z. Let b(j) be the third derivative of -j**5/60 - 5*j**4/12 + 5*j**3/3 - 2*j**2. Determine b(w).
10
Let g(h) = -3*h**2 - 2*h - 9. Let r(u) = u**2 - u + 1. Let w be (12 - (-7 + 15))/(-1). Let i(m) = w*r(m) - g(m). Calculate i(6).
5
Let z be 4/(44/(-52) - -1). Suppose 5*n + 5*m + 45 = 0, -3*m = 5*n - z + 61. Let s(t) be the second derivative of t**5/20 + t**4/4 - 2*t**3/3 - 4*t. Give s(n).
0
Let b = -21 + -19. Let c be ((-10)/b)/((-2)/(-24)). Let m(v) = v**2 - 1135*v - v**c + 1135*v + 22. Calculate m(0).
22
Let j(k) = 51*k + 0*k**2 + 9*k**2 - 26*k - 2. Let p be j(-3). Let a(y) = y - 4. Give a(p).
0
Let x(a) = -2*a**2 + 2*a - 1. Suppose 0 = 4*q + 4, n = 2*n + 5*q + 7. Let f(j) = j**2 + 3*j + 2. Let l be f(n). Suppose 4*m = -l*m + 8. Give x(m).
-5
Let h(s) = 51*s**2 + 98 + s**2 - 56*s - s**3 - 15*s**2 - 9*s**2. Determine h(26).
-6
Let l(g) = g + 5. Let j = 98 + -91. Suppose -3*t = -2*d + j, t = -29*d + 33*d - 9. Calculate l(d).
7
Let v(o) = 81*o - 37. Let m(f) = 364*f - 147. Let i(n) = -4*m(n) + 18*v(n). Calculate i(0).
-78
Let a(t) = 3*t - 3. Suppose -4*u + 10 = -2*k + 196, 0 = k + 4*u - 81. Let h = k - 79. Suppose -d = 3*z - h, 4*z = 7*d - 11*d + 24. Calculate a(z).
3
Let w(v) = 109*v - 111. Let r be w(1). Let z(g) = -g - 12. What is z(r)?
-10
Let g(j) = -7*j - 20. Let p(t) = 22*t + 63. Let d(x) = 7*g(x) + 2*p(x). What is d(-5)?
11
Let x(c) be the second derivative of -c**3 - 6*c**2 - 1057*c. Calculate x(-4).
12
Let t(s) = 49020 + 49009 - 2*s - 98024. Let o = 6 - 0. What is t(o)?
-7
Let h(i) = -3*i**3 + 13*i**2 - i - 10. Let p be h(4). Let k(m) = 7*m**2 + 2*m - 4. What is k(p)?
28
Let a(f) = f**3 + f**2 + 4*f - 6. Let c be a(4). Suppose 190 + 215 = -7*d - 246. Let j = c + d. Let i(g) = -g**2 + 3. Calculate i(j).
-6
Let a(q) be the third derivative of -q**6/120 - 17*q**5/60 - 2*q**4/3 + 19*q**3/6 - 283*q**2. What is a(-16)?
19
Let p(z) = -z**2 - 16*z + 44. Suppose -16*x = 3*r - 18*x + 48, 2*r - x = -33. Give p(r).
8
Let r(o) = -o**3 - 2*o - 9. Let m(f) = -21*f**2 + 43*f - 2. Let c be m(2). What is r(c)?
-9
Let p(j) = -78*j - 3 + 231*j - 8 - 69*j - 73*j. What is p(4)?
33
Let g(j) be the third derivative of 0 - 7/24*j**4 + 1/60*j**5 + 0*j - 3/2*j**3 + 70*j**2. Calculate g(8).
-1
Let b(z) = 13*z - 1. Let u be b(1). Let q(p) be the second derivative of p**4/12 - 11*p**3/6 - 15*p**2/2 + 196*p - 18. Calculate q(u).
-3
Let g(r) = r + 17. Suppose 342 = -34*q - 134. Give g(q).
3
Let i be 33/5 - 2/(-5). Let q(v) = 3783 - 3766 + 2*v - 4*v. Calculate q(i).
3
Let r(f) = -f - 29. Let k = 837 - 849. Give r(k).
-17
Let i(f) = 11*f**2 - 5*f. Let k(y) = -y**2 - 4*y + 1. Let n(g) = -i(g) - 5*k(g). What is n(3)?
16
Suppose 6*r + r = -42. Let q = -11 - r. Let v be 8 - q/(30/18). Let l(w) = -w**2 + 12*w - 6. Determine l(v).
5
Let g(a) = a**2 + 18*a - 14. Let p(j) = 3*j**2 + 100*j - 532. Let d be p(-38). Determine g(d).
-14
Suppose 43*z - 45*z + 40 = 0. Suppose 0 = -z*x + 26*x - 60. Let q(a) = a**3 - 10*a**2 - 4. Give q(x).
-4
Let u be (-64)/(56/14) + 24. Let p(r) = -3*r + 15 + 3*r - r. Determine p(u).
7
Let d(l) = -3*l**3 + 52*l**2 - l - 18. Let g(a) = -a**3 + 17*a**2 - 6. Let k(z) = 9*d(z) - 28*g(z). Suppose -40 = -5*c + 5. What is k(c)?
6
Let z(q) = -37 - 81*q + 128*q + 15*q - 76*q. Give z(-5).
33
Let j(r) be the third derivative of -1/12*r**4 - 28*r**2 + 0*r**5 + 0*r**3 + 1/720*r**6 + 0*r + 0. Let d(f) be the second derivative of j(f). Calculate d(-3).
-3
Suppose 2*f = f - 0*f. Let r(i) = -2*i**2 - 15*i + 21. Let k(q) = -q**2 - 7*q + 10. Let w = 36 + -30. Let c(l) = w*r(l) - 13*k(l). What is c(f)?
-4
Let t(u) = -8*u**2 + 9*u - 22. Suppose -8*b = -6*b + 2*i + 8, -2*b - 8 = -5*i. Let s(v) = 4*v**2 - 5*v + 12. Let m(k) = b*t(k) - 7*s(k). Determine m(3).
37
Let q = 2322 - 2310. Let l(i) = 2*i**2 - 22*i - 13. Determine l(q).
11
Suppose 337*v - 333*v = 12. Let r(g) = 4*g**2 - g + 53. Let u(t) = -11*t**2 + 3*t - 161. Let k(z) = v*u(z) + 8*r(z). Calculate k(0).
-59
Suppose -76*x + 79 = -149. Let m(c) = -32*c - 6. Give m(x).
-102
Let d(g) = -2*g**2 - g + 1. Suppose -36 = 6*t + 6*t. Let b be ((-8)/12)/(2 + 5/t). Give d(b).
-5
Let s(w) = w**3 + 8*w**2 + w + 4. Let l = -489 + 489. Suppose -n - 4 = g, l = -10*g + 9*g + n - 12. What is s(g)?
-4
Let x(a) = -134*a**2 + 246*a**2 - 48*a**2 - 57*a**2 + 2*a. What is x(3)?
69
Let p(l) = -l**2 + 3*l - 3. Suppose -58*j + 55*j + 15 = 0. Suppose -g - 3*k + 4 = 3, -j*g - 4*k + 16 = 0. What is p(g)?
-7
Let n(a) be the first derivative of a**3/3 + 5*a**2/2 + 10*a - 446. Calculate n(-4).
6
Let c(l) = -15*l - 2. Suppose 5*w - 362 = -3*g + w, 357 = 3*g + 3*w. Let z be ((-152)/g)/((-2)/3). Give c(z).
-32
Let a(r) = 10 - 30 + 0*r + 7*r + 85 + 14*r. What is a(-8)?
-103
Let r be (-32)/(-80) + (-23)/(-5). Suppose g - r = 6*g, -5*g - 11 = -3*c. Let h(a) = -5*a**2 - a - 3 - a**c + 5*a**2. Calculate h(0).
-3
Let n(v) = -v**3 + v + 2. Let q be ((-8)/((-1)/(-1)))/(-1). Let w be (q - 11) + 6/2. Let b be -2 - (-1 - -1) - (0 - w). Calculate n(b).
8
Let u(k) = -5*k**2 - 4255*k + 3*k**2 + 4240*k + 20. Calculate u(-12).
-88
Let h(g) = -4*g**2 + 4*g**2 - 9*g - 60 + 0*g**2 + g**2 + 46. What is h(5)?
-34
Suppose -4*p + 603 = 5*p. Let m = p + -76. Let r(o) be the first derivative of o**4/4 + 10*o**3/3 + 4*o**2 - 9*o - 3. What is r(m)?
0
Let q(t) = t**3 + 6*t**2 + 5*t - 10. Let y be q(-4). Suppose g = -3*k - y, 2*g - k - 3 - 7 = 0. Let c(z) = -z + 3. Determine c(g).
-1
Suppose 6*l + 4 = -2. Let u be -2*l/8 + 1/(-4). Let k(c) = -24 - 3*c - c + u*c + 23. What is k(-2)?
7
Let z(y) be the third derivative of -y**6/120 + y**5/12 + 7*y**4/24 - y**3 + 76*y**2. Suppose -v + k + 28 = -0*k, -3*v + 79 = -4*k. Let g = v + -27. Give z(g).
0
Let u be (3/1 - -2) + -1. Suppose 5*x - r - 6 = 4*x, -2*x + u*r = -12. Let t(h) = -h**2 + 6*h - 2. What is t(x)?
-2
Let k(u) = -9 - 32*u - 9*u**2 + 14*u + 9*u + 12*u + u**3 + 6*u. Let o = 29 + -21. Calculate k(o).
-1
Let q be 0 - -2 - (-9 - -14)/(-5). Let t(z) = 12*z - 23. What is t(q)?
13
Let w(s) = -3 + 2 + s**2 + 0*s**2 + 0. Let y = -134 - -152. Let j be -2 + ((-6)/4)/((-27)/y). Determine w(j).
0
Let p(g) = -g**2 - 9*g - 8. Suppose -2*v - 10 = 0, 0*v = 3*z - 4*v - 104. Suppose -2*l + 10 = -2. Suppose -2*h + z = -l*h. What is p(h)?
6
Let y(u) = -2*u**2 + 3*u. Let s = -836 + 1010. Let q = s - 172. What is y(q)?
-2
Let y(u) = u + 3. Let q(h) = 5*h + 5. Let r be (-16)/3 + 4 - (-2)/6. Let g(v) = r*q(v) + 2*y(v). Let f be ((-4)/6)/(4/(-6)). Calculate g(f).
-2
Let d(c) = -13 - 20 - 14 - 26*c + 25 - 2*c**2 - 16. Give d(-11).
6
Let k(h) be the first derivative of -3*h**3 + 4*h**2 + 53 - 1/4*h**4 + 6*h. Determine k(-10).
26
Let r(d) be the first derivative of 14*d**3/3 + 3*d**2/2 - 4*d + 15. Let f be r